{"id":2288,"date":"2017-03-20T12:59:57","date_gmt":"2017-03-20T10:59:57","guid":{"rendered":"http:\/\/christinesandtorv.no\/?page_id=2288"},"modified":"2026-02-11T15:48:28","modified_gmt":"2026-02-11T13:48:28","slug":"i-mellom-skyer","status":"publish","type":"page","link":"https:\/\/christinesandtorv.no\/?page_id=2288","title":{"rendered":"VISESANG"},"content":{"rendered":"\n<p>NYTT VISEALBUM i 2026!<\/p>\n\n\n\n<figure class=\"wp-block-image size-large\"><img loading=\"lazy\" decoding=\"async\" width=\"450\" height=\"600\" src=\"https:\/\/christinesandtorv.no\/wp-content\/uploads\/2026\/02\/att.E6AhyUoMoBbB_HLNsQ0YEwVHEkWRukqZw4nSA480fkU-450x600.jpeg\" alt=\"\" class=\"wp-image-14492\" srcset=\"https:\/\/christinesandtorv.no\/wp-content\/uploads\/2026\/02\/att.E6AhyUoMoBbB_HLNsQ0YEwVHEkWRukqZw4nSA480fkU-450x600.jpeg 450w, https:\/\/christinesandtorv.no\/wp-content\/uploads\/2026\/02\/att.E6AhyUoMoBbB_HLNsQ0YEwVHEkWRukqZw4nSA480fkU-225x300.jpeg 225w, https:\/\/christinesandtorv.no\/wp-content\/uploads\/2026\/02\/att.E6AhyUoMoBbB_HLNsQ0YEwVHEkWRukqZw4nSA480fkU-768x1024.jpeg 768w, https:\/\/christinesandtorv.no\/wp-content\/uploads\/2026\/02\/att.E6AhyUoMoBbB_HLNsQ0YEwVHEkWRukqZw4nSA480fkU-1152x1536.jpeg 1152w, https:\/\/christinesandtorv.no\/wp-content\/uploads\/2026\/02\/att.E6AhyUoMoBbB_HLNsQ0YEwVHEkWRukqZw4nSA480fkU.jpeg 1536w\" sizes=\"auto, (max-width: 450px) 100vw, 450px\" \/><\/figure>\n\n\n\n<p>I l\u00f8pet av 2026  skal jeg spille inn et nytt visealbum i Solslottet Studio! <\/p>\n\n\n\n<p>Med meg har jeg de dyktige karene,  Iver Sand\u00f8y (produsent+ trommer\/perk), Anders Bitust\u00f8yl (kontrabass + bass mm.) og Thomas Dahl (akkgitar mm.)<\/p>\n\n\n\n<p>Det er stillferdige l\u00e5ter, som jeg h\u00e5per kan gi tr\u00f8st, varme og ro. <\/p>\n\n\n\n<p>Prosjektet er st\u00f8ttet av Tekstforfatterfondet, Bergen kommune og Fond for ut\u00f8vende kunstnere.<\/p>\n\n\n\n<p>Gleder meg til \u00e5 vise dere! Mer info kommer.<\/p>\n\n\n\n<p>(Foto: Lena Bitust\u00f8yl)<\/p>\n\n\n\n<p><\/p>\n\n\n\n<p><\/p>\n\n\n\n<figure class=\"wp-block-image size-large is-resized\"><img loading=\"lazy\" decoding=\"async\" width=\"600\" height=\"600\" src=\"http:\/\/christinesandtorv.no\/wp-content\/uploads\/2022\/11\/LYDEN-AV-ET-AR_-ALBUMCOVER-600x600.png\" alt=\"\" class=\"wp-image-14178\" style=\"width:289px;height:auto\" srcset=\"https:\/\/christinesandtorv.no\/wp-content\/uploads\/2022\/11\/LYDEN-AV-ET-AR_-ALBUMCOVER-600x600.png 600w, https:\/\/christinesandtorv.no\/wp-content\/uploads\/2022\/11\/LYDEN-AV-ET-AR_-ALBUMCOVER-300x300.png 300w, https:\/\/christinesandtorv.no\/wp-content\/uploads\/2022\/11\/LYDEN-AV-ET-AR_-ALBUMCOVER-290x290.png 290w, https:\/\/christinesandtorv.no\/wp-content\/uploads\/2022\/11\/LYDEN-AV-ET-AR_-ALBUMCOVER-768x768.png 768w, https:\/\/christinesandtorv.no\/wp-content\/uploads\/2022\/11\/LYDEN-AV-ET-AR_-ALBUMCOVER-1536x1536.png 1536w, https:\/\/christinesandtorv.no\/wp-content\/uploads\/2022\/11\/LYDEN-AV-ET-AR_-ALBUMCOVER-2048x2048.png 2048w, https:\/\/christinesandtorv.no\/wp-content\/uploads\/2022\/11\/LYDEN-AV-ET-AR_-ALBUMCOVER-230x230.png 230w, https:\/\/christinesandtorv.no\/wp-content\/uploads\/2022\/11\/LYDEN-AV-ET-AR_-ALBUMCOVER-80x80.png 80w\" sizes=\"auto, (max-width: 600px) 100vw, 600px\" \/><\/figure>\n\n\n\n<p style=\"font-size:15px\">I 2020 fikk jeg fordypningsstipend fra Komponistenes Vederlagsfond, og skrev en ny l\u00e5t hver m\u00e5ned.&nbsp; Jeg kalte prosjektet <strong>LYDEN AV ET \u00c5R<\/strong>. Tanken var \u00e5 komponere og skrive meg gjennom \u00e5ret, og se hvor mye det preges av \u00e5rstidene, familieliv, timeplan, ro, usikkerhet, og andre ting som p\u00e5virker meg som l\u00e5tskriver.<\/p>\n\n\n\n<p style=\"font-size:15px\">At 2020 skulle bli et s\u00e5pass spesielt \u00e5r i verden, var ikke en del av planen. Det var tungt, vanskelig, hjemmeskole, lett, forvirrende, en klamp om foten innimellom andre utgivelser og gj\u00f8rem\u00e5l, men ikke minst veldig l\u00e6rerikt!<\/p>\n\n\n\n<p style=\"font-size:15px\"><strong>LYDEN AV ET \u00c5R &#8211; Q1 <\/strong> -release 28.01.22<\/p>\n\n\n\n<p style=\"font-size:15px\"><strong>LYDEN AV ET \u00c5R &#8211; Q2<\/strong> -release 29.04.22<\/p>\n\n\n\n<p style=\"font-size:15px\"><strong>LYDEN AV ET \u00c5R &#8211; Q3<\/strong> -release 26.08.22<\/p>\n\n\n\n<p style=\"font-size:15px\"><strong>LYDEN AV ET \u00c5R &#8211; Q4<\/strong> -release 18.11.22<\/p>\n\n\n\n<p style=\"font-size:15px\">Hele albumet<a href=\"https:\/\/orcd.co\/lydenavetaar\" data-type=\"URL\" data-id=\"https:\/\/orcd.co\/lydenavetaar\" target=\"_blank\" rel=\"noreferrer noopener\"> <strong>LYDEN AV ET \u00c5R<\/strong><\/a> -release 25.11.22<\/p>\n\n\n\n<p style=\"font-size:15px\"><\/p>\n\n\n\n<p style=\"font-size:15px\">CHRISTINE SANDTORV- Vokal, akustisk gitar<\/p>\n\n\n\n<p style=\"font-size:15px\">THOMAS T. DAHL &#8211; Akustiske gitarer, piano,&nbsp;<\/p>\n\n\n\n<p style=\"font-size:15px\">ANDERS BITUST\u00d8YL -Kontrabass, elbass<\/p>\n\n\n\n<p style=\"font-size:15px\">LISE S\u00d8RENSEN VOLDSDAL &#8211; Stryk<\/p>\n\n\n\n<p style=\"font-size:15px\">IVER SAND\u00d8Y- Trommer, perk, kor,&nbsp;<\/p>\n\n\n\n<p style=\"font-size:15px\">INNSPILT, MIKSET OG MASTRET I SOLSLOTTET STUDIO, BERGEN KJ\u00d8TT 2021. <\/p>\n\n\n\n<p style=\"font-size:15px\">PRODUSERT AV IVER SAND\u00d8Y + CHRISTINE SANDTORV<\/p>\n\n\n\n<p style=\"font-size:15px\">TEKST+ MELODI: CHRISTINE SANDTORV<\/p>\n\n\n\n<p style=\"font-size:15px\">DESIGN: CHRISTINE SANDTORV<\/p>\n\n\n\n<p style=\"font-size:15px\"><\/p>\n\n\n\n<p style=\"font-size:15px\"><\/p>\n\n\n\n<p style=\"font-size:15px\"><\/p>\n\n\n\n<p><\/p>\n\n\n\n<p><\/p>\n\n\n\n<figure class=\"wp-block-image size-large is-resized\"><img loading=\"lazy\" decoding=\"async\" width=\"600\" height=\"600\" src=\"http:\/\/christinesandtorv.no\/wp-content\/uploads\/2020\/08\/HEI-MENNESKE_COVER-600x600.jpg\" alt=\"\" class=\"wp-image-13528\" style=\"width:275px;height:auto\" srcset=\"https:\/\/christinesandtorv.no\/wp-content\/uploads\/2020\/08\/HEI-MENNESKE_COVER-600x600.jpg 600w, https:\/\/christinesandtorv.no\/wp-content\/uploads\/2020\/08\/HEI-MENNESKE_COVER-300x300.jpg 300w, https:\/\/christinesandtorv.no\/wp-content\/uploads\/2020\/08\/HEI-MENNESKE_COVER-290x290.jpg 290w, https:\/\/christinesandtorv.no\/wp-content\/uploads\/2020\/08\/HEI-MENNESKE_COVER-768x768.jpg 768w, https:\/\/christinesandtorv.no\/wp-content\/uploads\/2020\/08\/HEI-MENNESKE_COVER-1536x1536.jpg 1536w, https:\/\/christinesandtorv.no\/wp-content\/uploads\/2020\/08\/HEI-MENNESKE_COVER-2048x2048.jpg 2048w, https:\/\/christinesandtorv.no\/wp-content\/uploads\/2020\/08\/HEI-MENNESKE_COVER-230x230.jpg 230w, https:\/\/christinesandtorv.no\/wp-content\/uploads\/2020\/08\/HEI-MENNESKE_COVER-80x80.jpg 80w\" sizes=\"auto, (max-width: 600px) 100vw, 600px\" \/><\/figure>\n\n\n\n<p><a rel=\"noreferrer noopener\" href=\"https:\/\/orcd.co\/heimenneske\" target=\"_blank\">HEI MENNESKE<\/a>  <\/p>\n\n\n\n<p>ALBUM &#8211; 2020<\/p>\n\n\n\n<blockquote class=\"wp-block-quote is-layout-flow wp-block-quote-is-layout-flow\">\n<h4 class=\"wp-block-heading\">\u00abBergensk balsam for sjelen\u00bb BT, 26.08.2020<\/h4>\n<\/blockquote>\n\n\n\n<p>HEI MENNESKE er stort sett spilt inn live, noe som gir det r\u00e5het og et upolert uttrykk. Mer ekte skog og fjell, enn en runde i en velfrisert park. Et album som \u00f8nsker \u00e5 gi deg ro. En pustepause \n<\/p>\n\n\n\n<p><em>&#8211; Alle m\u00f8ter vi sm\u00e5 og store humper i veien gjennom livet. Men hvem vil egentlig ha asfalt over alt?! <\/em><em>Dette er nok mitt \u00e6rligste album til n\u00e5. Noen tekster selvopplevd, andre inspirert av folk rundt meg.<\/em><\/p>\n\n\n\n<p>Albumet er spilt inn i SOLSLOTTET STUDIO, BERGEN KJ\u00d8TT sammen med de glitrende musikerne THOMAS T. DAHL (gitar), ANDERS BITUST\u00d8YL (kontrabass), KJETIL M\u00d8STER (saksofon) og IVER SAND\u00d8Y (trommer, perk + produksjon)<\/p>\n\n\n\n<p>&#8230;f\u00e5r du gitt det du \u00f8nsker \u00e5 gi<\/p>\n\n\n\n<p>f\u00e5r du dr\u00f8mt deg bort og var det s\u00e5nn<\/p>\n\n\n\n<p>dine dager skulle bli?<\/p>\n\n\n\n<p><\/p>\n\n\n\n<figure class=\"wp-block-image size-large is-resized\"><img loading=\"lazy\" decoding=\"async\" width=\"600\" height=\"600\" src=\"http:\/\/christinesandtorv.no\/wp-content\/uploads\/2017\/03\/I-MELLOM-SKYER_COVER_FORSIDE_RGB-600x600.jpg\" alt=\"\" class=\"wp-image-2292\" style=\"width:276px;height:auto\" srcset=\"https:\/\/christinesandtorv.no\/wp-content\/uploads\/2017\/03\/I-MELLOM-SKYER_COVER_FORSIDE_RGB-600x600.jpg 600w, https:\/\/christinesandtorv.no\/wp-content\/uploads\/2017\/03\/I-MELLOM-SKYER_COVER_FORSIDE_RGB-290x290.jpg 290w, https:\/\/christinesandtorv.no\/wp-content\/uploads\/2017\/03\/I-MELLOM-SKYER_COVER_FORSIDE_RGB-300x300.jpg 300w, https:\/\/christinesandtorv.no\/wp-content\/uploads\/2017\/03\/I-MELLOM-SKYER_COVER_FORSIDE_RGB-768x768.jpg 768w, https:\/\/christinesandtorv.no\/wp-content\/uploads\/2017\/03\/I-MELLOM-SKYER_COVER_FORSIDE_RGB-230x230.jpg 230w, https:\/\/christinesandtorv.no\/wp-content\/uploads\/2017\/03\/I-MELLOM-SKYER_COVER_FORSIDE_RGB-80x80.jpg 80w, https:\/\/christinesandtorv.no\/wp-content\/uploads\/2017\/03\/I-MELLOM-SKYER_COVER_FORSIDE_RGB.jpg 1417w\" sizes=\"auto, (max-width: 600px) 100vw, 600px\" \/><\/figure>\n\n\n\n<p><a href=\"https:\/\/open.spotify.com\/album\/7LLemB8DN7cL12ujgSQoAf?si=ijJ5zVIsQmOXr0NTBmpxvg\" data-type=\"URL\" data-id=\"https:\/\/open.spotify.com\/album\/7LLemB8DN7cL12ujgSQoAf?si=ijJ5zVIsQmOXr0NTBmpxvg\" target=\"_blank\" rel=\"noreferrer noopener\">I MELLOM SKYER<\/a><\/p>\n\n\n\n<p>ALBUM &#8211; 2017<\/p>\n","protected":false},"excerpt":{"rendered":"<p>NYTT VISEALBUM i 2026! I l\u00f8pet av 2026 skal jeg spille inn et nytt visealbum i Solslottet Studio! Med meg har jeg de dyktige karene, Iver Sand\u00f8y (produsent+ trommer\/perk), Anders Bitust\u00f8yl (kontrabass + bass mm.) og Thomas Dahl (akkgitar mm.)&hellip; <\/p>\n","protected":false},"author":1,"featured_media":0,"parent":13577,"menu_order":0,"comment_status":"closed","ping_status":"closed","template":"","meta":{"footnotes":""},"class_list":["post-2288","page","type-page","status-publish","hentry"],"_links":{"self":[{"href":"https:\/\/christinesandtorv.no\/index.php?rest_route=\/wp\/v2\/pages\/2288","targetHints":{"allow":["GET"]}}],"collection":[{"href":"https:\/\/christinesandtorv.no\/index.php?rest_route=\/wp\/v2\/pages"}],"about":[{"href":"https:\/\/christinesandtorv.no\/index.php?rest_route=\/wp\/v2\/types\/page"}],"author":[{"embeddable":true,"href":"https:\/\/christinesandtorv.no\/index.php?rest_route=\/wp\/v2\/users\/1"}],"replies":[{"embeddable":true,"href":"https:\/\/christinesandtorv.no\/index.php?rest_route=%2Fwp%2Fv2%2Fcomments&post=2288"}],"version-history":[{"count":38,"href":"https:\/\/christinesandtorv.no\/index.php?rest_route=\/wp\/v2\/pages\/2288\/revisions"}],"predecessor-version":[{"id":14549,"href":"https:\/\/christinesandtorv.no\/index.php?rest_route=\/wp\/v2\/pages\/2288\/revisions\/14549"}],"up":[{"embeddable":true,"href":"https:\/\/christinesandtorv.no\/index.php?rest_route=\/wp\/v2\/pages\/13577"}],"wp:attachment":[{"href":"https:\/\/christinesandtorv.no\/index.php?rest_route=%2Fwp%2Fv2%2Fmedia&parent=2288"}],"curies":[{"name":"wp","href":"https:\/\/api.w.org\/{rel}","templated":true}]}}

<p>NYTT VISEALBUM i 2026!</p>



<figure class="wp-block-image size-large"><img loading="lazy" decoding="async" width="450" height="600" src="https://christinesandtorv.no/wp-content/uploads/2026/02/att.E6AhyUoMoBbB_HLNsQ0YEwVHEkWRukqZw4nSA480fkU-450x600.jpeg" alt="" class="wp-image-14492" srcset="https://christinesandtorv.no/wp-content/uploads/2026/02/att.E6AhyUoMoBbB_HLNsQ0YEwVHEkWRukqZw4nSA480fkU-450x600.jpeg 450w, https://christinesandtorv.no/wp-content/uploads/2026/02/att.E6AhyUoMoBbB_HLNsQ0YEwVHEkWRukqZw4nSA480fkU-225x300.jpeg 225w, https://christinesandtorv.no/wp-content/uploads/2026/02/att.E6AhyUoMoBbB_HLNsQ0YEwVHEkWRukqZw4nSA480fkU-768x1024.jpeg 768w, https://christinesandtorv.no/wp-content/uploads/2026/02/att.E6AhyUoMoBbB_HLNsQ0YEwVHEkWRukqZw4nSA480fkU-1152x1536.jpeg 1152w, https://christinesandtorv.no/wp-content/uploads/2026/02/att.E6AhyUoMoBbB_HLNsQ0YEwVHEkWRukqZw4nSA480fkU.jpeg 1536w" sizes="auto, (max-width: 450px) 100vw, 450px" /></figure>



<p>I løpet av 2026  skal jeg spille inn et nytt visealbum i Solslottet Studio! </p>



<p>Med meg har jeg de dyktige karene,  Iver Sandøy (produsent+ trommer/perk), Anders Bitustøyl (kontrabass + bass mm.) og Thomas Dahl (akkgitar mm.)</p>



<p>Det er stillferdige låter, som jeg håper kan gi trøst, varme og ro. </p>



<p>Prosjektet er støttet av Tekstforfatterfondet, Bergen kommune og Fond for utøvende kunstnere.</p>



<p>Gleder meg til å vise dere! Mer info kommer.</p>



<p>(Foto: Lena Bitustøyl)</p>



<p></p>



<p></p>



<figure class="wp-block-image size-large is-resized"><img loading="lazy" decoding="async" width="600" height="600" src="http://christinesandtorv.no/wp-content/uploads/2022/11/LYDEN-AV-ET-AR_-ALBUMCOVER-600x600.png" alt="" class="wp-image-14178" style="width:289px;height:auto" srcset="https://christinesandtorv.no/wp-content/uploads/2022/11/LYDEN-AV-ET-AR_-ALBUMCOVER-600x600.png 600w, https://christinesandtorv.no/wp-content/uploads/2022/11/LYDEN-AV-ET-AR_-ALBUMCOVER-300x300.png 300w, https://christinesandtorv.no/wp-content/uploads/2022/11/LYDEN-AV-ET-AR_-ALBUMCOVER-290x290.png 290w, https://christinesandtorv.no/wp-content/uploads/2022/11/LYDEN-AV-ET-AR_-ALBUMCOVER-768x768.png 768w, https://christinesandtorv.no/wp-content/uploads/2022/11/LYDEN-AV-ET-AR_-ALBUMCOVER-1536x1536.png 1536w, https://christinesandtorv.no/wp-content/uploads/2022/11/LYDEN-AV-ET-AR_-ALBUMCOVER-2048x2048.png 2048w, https://christinesandtorv.no/wp-content/uploads/2022/11/LYDEN-AV-ET-AR_-ALBUMCOVER-230x230.png 230w, https://christinesandtorv.no/wp-content/uploads/2022/11/LYDEN-AV-ET-AR_-ALBUMCOVER-80x80.png 80w" sizes="auto, (max-width: 600px) 100vw, 600px" /></figure>



<p style="font-size:15px">I 2020 fikk jeg fordypningsstipend fra Komponistenes Vederlagsfond, og skrev en ny låt hver måned.&nbsp; Jeg kalte prosjektet <strong>LYDEN AV ET ÅR</strong>. Tanken var å komponere og skrive meg gjennom året, og se hvor mye det preges av årstidene, familieliv, timeplan, ro, usikkerhet, og andre ting som påvirker meg som låtskriver.</p>



<p style="font-size:15px">At 2020 skulle bli et såpass spesielt år i verden, var ikke en del av planen. Det var tungt, vanskelig, hjemmeskole, lett, forvirrende, en klamp om foten innimellom andre utgivelser og gjøremål, men ikke minst veldig lærerikt!</p>



<p style="font-size:15px"><strong>LYDEN AV ET ÅR &#8211; Q1 </strong> -release 28.01.22</p>



<p style="font-size:15px"><strong>LYDEN AV ET ÅR &#8211; Q2</strong> -release 29.04.22</p>



<p style="font-size:15px"><strong>LYDEN AV ET ÅR &#8211; Q3</strong> -release 26.08.22</p>



<p style="font-size:15px"><strong>LYDEN AV ET ÅR &#8211; Q4</strong> -release 18.11.22</p>



<p style="font-size:15px">Hele albumet<a href="https://orcd.co/lydenavetaar" data-type="URL" data-id="https://orcd.co/lydenavetaar" target="_blank" rel="noreferrer noopener"> <strong>LYDEN AV ET ÅR</strong></a> -release 25.11.22</p>



<p style="font-size:15px"></p>



<p style="font-size:15px">CHRISTINE SANDTORV- Vokal, akustisk gitar</p>



<p style="font-size:15px">THOMAS T. DAHL &#8211; Akustiske gitarer, piano,&nbsp;</p>



<p style="font-size:15px">ANDERS BITUSTØYL -Kontrabass, elbass</p>



<p style="font-size:15px">LISE SØRENSEN VOLDSDAL &#8211; Stryk</p>



<p style="font-size:15px">IVER SANDØY- Trommer, perk, kor,&nbsp;</p>



<p style="font-size:15px">INNSPILT, MIKSET OG MASTRET I SOLSLOTTET STUDIO, BERGEN KJØTT 2021. </p>



<p style="font-size:15px">PRODUSERT AV IVER SANDØY + CHRISTINE SANDTORV</p>



<p style="font-size:15px">TEKST+ MELODI: CHRISTINE SANDTORV</p>



<p style="font-size:15px">DESIGN: CHRISTINE SANDTORV</p>



<p style="font-size:15px"></p>



<p style="font-size:15px"></p>



<p style="font-size:15px"></p>



<p></p>



<p></p>



<figure class="wp-block-image size-large is-resized"><img loading="lazy" decoding="async" width="600" height="600" src="http://christinesandtorv.no/wp-content/uploads/2020/08/HEI-MENNESKE_COVER-600x600.jpg" alt="" class="wp-image-13528" style="width:275px;height:auto" srcset="https://christinesandtorv.no/wp-content/uploads/2020/08/HEI-MENNESKE_COVER-600x600.jpg 600w, https://christinesandtorv.no/wp-content/uploads/2020/08/HEI-MENNESKE_COVER-300x300.jpg 300w, https://christinesandtorv.no/wp-content/uploads/2020/08/HEI-MENNESKE_COVER-290x290.jpg 290w, https://christinesandtorv.no/wp-content/uploads/2020/08/HEI-MENNESKE_COVER-768x768.jpg 768w, https://christinesandtorv.no/wp-content/uploads/2020/08/HEI-MENNESKE_COVER-1536x1536.jpg 1536w, https://christinesandtorv.no/wp-content/uploads/2020/08/HEI-MENNESKE_COVER-2048x2048.jpg 2048w, https://christinesandtorv.no/wp-content/uploads/2020/08/HEI-MENNESKE_COVER-230x230.jpg 230w, https://christinesandtorv.no/wp-content/uploads/2020/08/HEI-MENNESKE_COVER-80x80.jpg 80w" sizes="auto, (max-width: 600px) 100vw, 600px" /></figure>



<p><a rel="noreferrer noopener" href="https://orcd.co/heimenneske" target="_blank">HEI MENNESKE</a>  </p>



<p>ALBUM &#8211; 2020</p>



<blockquote class="wp-block-quote is-layout-flow wp-block-quote-is-layout-flow">
<h4 class="wp-block-heading">«Bergensk balsam for sjelen» BT, 26.08.2020</h4>
</blockquote>



<p>HEI MENNESKE er stort sett spilt inn live, noe som gir det råhet og et upolert uttrykk. Mer ekte skog og fjell, enn en runde i en velfrisert park. Et album som ønsker å gi deg ro. En pustepause 
</p>



<p><em>&#8211; Alle møter vi små og store humper i veien gjennom livet. Men hvem vil egentlig ha asfalt over alt?! </em><em>Dette er nok mitt ærligste album til nå. Noen tekster selvopplevd, andre inspirert av folk rundt meg.</em></p>



<p>Albumet er spilt inn i SOLSLOTTET STUDIO, BERGEN KJØTT sammen med de glitrende musikerne THOMAS T. DAHL (gitar), ANDERS BITUSTØYL (kontrabass), KJETIL MØSTER (saksofon) og IVER SANDØY (trommer, perk + produksjon)</p>



<p>&#8230;får du gitt det du ønsker å gi</p>



<p>får du drømt deg bort og var det sånn</p>



<p>dine dager skulle bli?</p>



<p></p>



<figure class="wp-block-image size-large is-resized"><img loading="lazy" decoding="async" width="600" height="600" src="http://christinesandtorv.no/wp-content/uploads/2017/03/I-MELLOM-SKYER_COVER_FORSIDE_RGB-600x600.jpg" alt="" class="wp-image-2292" style="width:276px;height:auto" srcset="https://christinesandtorv.no/wp-content/uploads/2017/03/I-MELLOM-SKYER_COVER_FORSIDE_RGB-600x600.jpg 600w, https://christinesandtorv.no/wp-content/uploads/2017/03/I-MELLOM-SKYER_COVER_FORSIDE_RGB-290x290.jpg 290w, https://christinesandtorv.no/wp-content/uploads/2017/03/I-MELLOM-SKYER_COVER_FORSIDE_RGB-300x300.jpg 300w, https://christinesandtorv.no/wp-content/uploads/2017/03/I-MELLOM-SKYER_COVER_FORSIDE_RGB-768x768.jpg 768w, https://christinesandtorv.no/wp-content/uploads/2017/03/I-MELLOM-SKYER_COVER_FORSIDE_RGB-230x230.jpg 230w, https://christinesandtorv.no/wp-content/uploads/2017/03/I-MELLOM-SKYER_COVER_FORSIDE_RGB-80x80.jpg 80w, https://christinesandtorv.no/wp-content/uploads/2017/03/I-MELLOM-SKYER_COVER_FORSIDE_RGB.jpg 1417w" sizes="auto, (max-width: 600px) 100vw, 600px" /></figure>



<p><a href="https://open.spotify.com/album/7LLemB8DN7cL12ujgSQoAf?si=ijJ5zVIsQmOXr0NTBmpxvg" data-type="URL" data-id="https://open.spotify.com/album/7LLemB8DN7cL12ujgSQoAf?si=ijJ5zVIsQmOXr0NTBmpxvg" target="_blank" rel="noreferrer noopener">I MELLOM SKYER</a></p>



<p>ALBUM &#8211; 2017</p>

<p>NYTT VISEALBUM i 2026! I løpet av 2026 skal jeg spille inn et nytt visealbum i Solslottet Studio! Med meg har jeg de dyktige karene, Iver Sandøy (produsent+ trommer/perk), Anders Bitustøyl (kontrabass + bass mm.) og Thomas Dahl (akkgitar mm.)&hellip; </p>
